MONTHLY CLIMATOLOGICAL SUMMARY for Jan. 2014 NAME: ActonAstro LOCATION: Acton, CA, USA ELEV: 2690 LAT: 34° 28' 37"N LONG: 118° 10' 28"W TEMPERATURE ( °F), RAIN (in.), WIND SPEED (MPH) HEAT COOL AVG MEAN DEG DEG WIND DOM MEAN MEAN DAY TEMP HIGH TIME LOW TIME DAYS DAYS RAIN SPEED HIGH TIME DIR BAROM HUM ---------------------------------------------------------------------------------------------------------------------------------------------------------- 1 53.1 063.9 ---- 45.2 ---- 11.9 00.0 00.00 006 027 ---- E 30.03 18 2 52.7 062.4 ---- 43.6 ---- 12.3 00.0 00.00 005 023 ---- E 30.01 24 3 54.5 069.3 ---- 44.9 ---- 10.5 00.0 00.00 002 011 ---- E 29.87 28 4 54.6 068.9 ---- 41.3 ---- 10.4 00.0 00.00 003 020 ---- E 29.86 31 5 50.1 061.5 ---- 39.3 ---- 14.9 00.0 00.00 007 033 ---- ESE 30.07 19 6 48.2 057.5 ---- 39.9 ---- 16.8 00.0 00.00 006 023 ---- E 30.14 14 7 52.7 069.6 ---- 40.3 ---- 12.3 00.0 00.00 002 012 ---- SE 29.99 18 8 50.9 067.1 ---- 39.2 ---- 14.1 00.0 00.00 003 017 ---- ENE 29.95 33 9 51.4 066.4 ---- 39.3 ---- 13.6 00.0 00.00 004 017 ---- ESE 29.93 32 10 57.2 076.0 ---- 46.0 ---- 07.8 00.0 00.00 004 018 ---- E 29.96 31 11 57.0 072.8 ---- 44.6 ---- 08.0 00.0 00.00 002 012 ---- SSE 29.98 32 12 50.3 055.4 ---- 40.2 ---- 14.7 00.0 00.00 007 029 ---- ESE 30.04 43 13 52.1 061.8 ---- 40.6 ---- 12.9 00.0 00.00 008 029 ---- E 30.24 21 14 59.2 066.6 ---- 45.5 ---- 05.8 00.0 00.00 011 032 ---- E 30.23 13 15 60.8 068.9 ---- 51.3 ---- 04.2 00.0 00.00 009 029 ---- E 30.14 13 16 60.5 068.9 ---- 47.1 ---- 04.5 00.0 00.00 008 029 ---- E 30.05 10 17 57.0 066.3 ---- 47.1 ---- 08.0 00.0 00.00 006 024 ---- ENE 30.03 11 18 55.3 065.8 ---- 46.0 ---- 09.7 00.0 00.00 005 022 ---- E 30.01 13 19 55.1 067.1 ---- 46.5 ---- 09.9 00.0 00.00 004 016 ---- E 30.00 13 20 53.3 065.2 ---- 41.9 ---- 11.7 00.0 00.00 004 022 ---- ENE 30.07 16 21 55.0 062.0 ---- 46.4 ---- 10.0 00.0 00.00 004 021 ---- E 30.07 15 22 56.3 069.3 ---- 42.6 ---- 08.7 00.0 00.00 004 018 ---- ENE 29.86 15 23 52.3 063.1 ---- 40.1 ---- 12.7 00.0 00.00 008 027 ---- ENE 29.90 18 24 53.3 059.5 ---- 46.0 ---- 11.7 00.0 00.00 008 022 ---- E 30.12 20 25 55.1 064.7 ---- 45.5 ---- 09.9 00.0 00.00 004 019 ---- ENE 30.06 20 26 52.2 066.3 ---- 41.5 ---- 12.8 00.0 00.00 002 016 ---- SSW 29.96 38 27 51.9 066.9 ---- 38.0 ---- 13.1 00.0 00.00 003 017 ---- ENE 29.94 33 28 56.7 070.1 ---- 43.2 ---- 08.3 00.0 00.00 004 016 ---- ENE 29.98 21 29 60.7 077.9 ---- 48.3 ---- 04.3 00.0 00.00 002 014 ---- SE 29.87 34 30 49.8 056.0 ---- 43.3 ---- 15.2 00.0 00.00 005 026 ---- WSW 29.73 70 31 46.0 052.9 ---- 37.9 ---- 19.0 00.0 00.02 004 018 ---- WSW 29.80 57 ----------------------------------------------------------------------------------------------------------------------------------------------------------